t of 1521764994?
9
What is the hundred thousands digit of 2925418791?
4
What is the units digit of 92778330?
0
What is the tens digit of 116250486?
8
What is the hundreds digit of 4403281305?
3
What is the hundred thousands digit of 127729663?
7
What is the thousands digit of 55578080?
8
What is the millions digit of 8527282023?
7
What is the millions digit of 406056125?
6
What is the units digit of 60563853?
3
What is the millions digit of 712060230?
2
What is the ten thousands digit of 271372600?
7
What is the hundred thousands digit of 279443963?
4
What is the units digit of 73050570?
0
What is the units digit of 691267451?
1
What is the units digit of 2506126319?
9
What is the millions digit of 4030560113?
0
What is the tens digit of 163647176?
7
What is the ten thousands digit of 249826294?
2
What is the tens digit of 465121191?
9
What is the hundreds digit of 383843508?
5
What is the tens digit of 852744203?
0
What is the hundred thousands digit of 143615749?
6
What is the thousands digit of 172772780?
2
What is the hundreds digit of 2661354527?
5
What is the ten thousands digit of 2736086038?
8
What is the thousands digit of 783129099?
9
What is the hundreds digit of 833098844?
8
What is the tens digit of 74202461?
6
What is the tens digit of 235003696?
9
What is the tens digit of 2415156?
5
What is the millions digit of 1734332332?
4
What is the ten millions digit of 220440069?
2
What is the ten millions digit of 44462748?
4
What is the millions digit of 151631034?
1
What is the ten thousands digit of 1115090798?
9
What is the millions digit of 66519998?
6
What is the millions digit of 1527989574?
7
What is the millions digit of 465883087?
5
What is the millions digit of 3754787219?
4
What is the ten thousands digit of 53606591?
0
What is the hundred thousands digit of 92673696?
6
What is the billions digit of 1604762834?
1
What is the ten thousands digit of 196406501?
0
What is the ten thousands digit of 66775811?
7
What is the units digit of 89340348?
8
What is the units digit of 2581020340?
0
What is the ten millions digit of 441431955?
4
What is the hundreds digit of 2347060371?
3
What is the hundreds digit of 3061549006?
0
What is the hundreds digit of 151205237?
2
What is the ten thousands digit of 1842433462?
3
What is the hundred thousands digit of 13975727?
9
What is the ten millions digit of 643501707?
4
What is the ten millions digit of 34031060?
3
What is the hundred millions digit of 1049277479?
0
What is the millions digit of 149765089?
9
What is the hundred thousands digit of 3600603?
6
What is the thousands digit of 871779275?
9
What is the ten thousands digit of 1843058?
4
What is the hundreds digit of 44165962?
9
What is the thousands digit of 551012590?
2
What is the hundreds digit of 259929185?
1
What is the tens digit of 29984468?
6
What is the tens digit of 1536990774?
7
What is the ten millions digit of 822472272?
2
What is the tens digit of 274685161?
6
What is the thousands digit of 47564555?
4
What is the millions digit of 31499445?
1
What is the ten thousands digit of 1282847930?
4
What is the ten thousands digit of 70513426?
1
What is the ten millions digit of 234143913?
3
What is the millions digit of 9023044?
9
What is the thousands digit of 24700976?
0
What is the units digit of 304225132?
2
What is the thousands digit of 1402373811?
3
What is the thousands digit of 47738614?
8
What is the thousands digit of 315048145?
8
What is the ten thousands digit of 6246880?
4
What is the tens digit of 57479822?
2
What is the hundred thousands digit of 891908061?
9
What is the ten thousands digit of 3473394762?
9
What is the hundred thousands digit of 48896746?
8
What is the tens digit of 186028429?
2
What is the tens digit of 6418141117?
1
What is the hundred thousands digit of 1492265?
4
What is the tens digit of 1928213270?
7
What is the ten millions digit of 55101621?
5
What is the units digit of 1379922151?
1
What is the ten millions digit of 83952699?
8
What is the tens digit of 1225689422?
2
What is the ten millions digit of 3642256237?
4
What is the hundreds digit of 3986111599?
5
What is the millions digit of 418485243?
8
What is the hundred thousands digit of 96142190?
1
What is the ten millions digit of 35943486?
3
What is the ten thousands digit of 1362240222?
4
What is the millions digit of 57836923?
7
What is the ten thousands digit of 89681335?
8
What is the billions digit of 1033427609?
1
What is the units digit of 413013896?
6
What is the ten thousands digit of 1762984083?
8
What is the millions digit of 329074992?
9
What is the hundreds digit of 846720585?
5
What is the hundreds digit of 510667289?
2
What is the thousands digit of 230304426?
4
What is the hundred millions digit of 981680476?
9
What is the hundreds digit of 1071571160?
1
What is the millions digit of 53147701?
3
What is the ten thousands digit of 26110581?
1
What is the ten millions digit of 132238649?
3
What is the hundreds digit of 1488048404?
4
What is the hundred thousands digit of 636612954?
6
What is the thousands digit of 547120624?
0
What is the thousands digit of 8815262948?
2
What is the millions digit of 268998703?
8
What is the ten thousands digit of 134954083?
5
What is the hundred millions digit of 342379011?
3
What is the hundred millions digit of 882724763?
8
What is the ten millions digit of 1395049257?
9
What is the ten millions digit of 184192631?
8
What is the ten millions digit of 263511173?
6
What is the ten thousands digit of 3500671698?
7
What is the hundreds digit of 129037767?
7
What is the ten thousands digit of 1182402578?
0
What is the hundred thousands digit of 146903195?
9
What is the hundred thousands digit of 292895007?
8
What is the hundreds digit of 1260423448?
4
What is the millions digit of 2571915350?
1
What is the ten thousands digit of 142997829?
9
What is the ten millions digit of 51437022?
5
What is the hundred thousands digit of 188584779?
5
What is the tens digit of 92766632?
3
What is the millions digit of 54474815?
4
What is the ten thousands digit of 42912071?
1
What is the hundreds digit of 345990675?
6
What is the ten millions digit of 1390083911?
9
What is the ten thousands digit of 1175584769?
8
What is the hundred millions digit of 2389585773?
3
What is the thousands digit of 107289025?
9
What is the units digit of 330934799?
9
What is the tens digit of 3546143991?
9
What is the millions digit of 53973936?
3
What is the hundred thousands digit of 39417324?
4
What is the hundred thousands digit of 489041869?
0
What is the millions digit of 1392908054?
2
What is the millions digit of 342980270?
2
What is the thousands digit of 1429311462?
1
What is the tens digit of 531663064?
6
What is the ten millions digit of 22386547?
2
What is the hundred millions digit of 310441653?
3
What is the ten millions digit of 102553183?
0
What is the tens digit of 71122?
2
What is the hundred millions digit of 278105568?
2
What is the millions digit of 602340297?
2
What is the ten thousands digit of 29344553?
4
What is the ten thousands digit of 6805609517?
0
What is the tens digit of 1318249261?
6
What is the millions digit of 27241439?
7
What is the tens digit of 4739788?
8
What is the ten millions digit of 5300751990?
0
What is the ten millions digit of 3399486211?
9
What is the hundred thousands digit of 18592174?
5
What is the ten millions digit of 145669762?
4
What is the units digit of 93446892?
2
What is the units digit of 2829408294?
4
What is the units digit of 183719208?
8
What is the ten thousands digit of 127108476?
0
What is the billions digit of 2469544587?
2
What is the tens digit of 561601422?
2
What is the ten millions digit of 430363031?
3
What is the ten thousands digit of 9348506100?
0
What is the ten thousands digit of 444233948?
3
What is the tens digit of 578213144?
4
What is the hundred millions digit of 294652429?
2
What is the ten thousands digit of 252094337?
9
What is the thousands digit of 474286665?
6
What is the hundred thousands digit of 3546850?
5
What is the ten thousands digit of 91541367?
4
What is the hundred thousands digit of 62666851?
6
What is the tens digit of 335857287?
8
What is the millions digit of 160655094?
0
What is the units digit of 47628945?
5
W